 23739 and 18256449?
579
What is the greatest common factor of 7209 and 175689?
81
Calculate the highest common divisor of 17653 and 8451215.
127
What is the highest common divisor of 3384 and 6550014?
282
What is the highest common divisor of 4434399 and 306?
153
What is the highest common divisor of 30686420 and 820?
20
Calculate the greatest common factor of 1080 and 10720728.
216
What is the greatest common factor of 45 and 426957045?
15
What is the greatest common factor of 647151231 and 8433?
2811
Calculate the highest common divisor of 16 and 16407611.
1
What is the greatest common factor of 5 and 12689591?
1
Calculate the highest common divisor of 13301 and 17578.
47
What is the greatest common factor of 2206860031 and 191?
191
What is the greatest common divisor of 4560776 and 24?
8
What is the highest common factor of 94389478 and 7932?
1322
What is the highest common factor of 712 and 85424514?
178
Calculate the greatest common divisor of 999990 and 25745.
1355
What is the highest common factor of 28 and 30149861?
7
Calculate the greatest common divisor of 36841 and 1591919.
1939
What is the highest common factor of 228897 and 150858?
261
What is the highest common factor of 2656 and 90802?
166
What is the greatest common factor of 145850 and 1440?
10
Calculate the greatest common divisor of 445920 and 9120.
480
What is the highest common divisor of 100 and 14504720?
20
What is the greatest common factor of 21027 and 519096?
129
Calculate the greatest common divisor of 1045492915 and 505.
505
Calculate the greatest common factor of 213504 and 8340.
1668
What is the greatest common divisor of 580 and 1055870?
10
What is the greatest common divisor of 1326561 and 124431?
2109
What is the greatest common factor of 123538 and 13338?
38
What is the highest common divisor of 9384034 and 78166?
4114
Calculate the greatest common divisor of 5863 and 176070687.
533
What is the highest common divisor of 8968 and 732308?
236
Calculate the highest common divisor of 25660 and 98660134.
2566
Calculate the highest common divisor of 126 and 4957806.
42
What is the highest common divisor of 59390405 and 145?
145
Calculate the greatest common factor of 11470023 and 188367.
5091
Calculate the highest common divisor of 5507103 and 493353.
4011
Calculate the greatest common divisor of 823122 and 233118.
162
What is the highest common divisor of 9038002 and 113801?
3671
What is the greatest common factor of 2142 and 21834?
18
What is the greatest common divisor of 618977 and 6200?
31
Calculate the greatest common factor of 230 and 35982005.
115
What is the highest common factor of 1569201 and 82641?
489
Calculate the greatest common divisor of 204370452 and 42108.
1452
What is the highest common factor of 38443 and 162467?
37
What is the highest common factor of 849912904 and 263?
263
What is the highest common factor of 777432 and 118088?
232
What is the highest common factor of 153555 and 1268895?
435
What is the greatest common divisor of 1147392 and 80?
16
What is the highest common divisor of 375283216 and 392?
56
What is the greatest common factor of 12 and 571746?
6
Calculate the highest common divisor of 144965187 and 2781.
2781
Calculate the greatest common divisor of 36 and 1020516012.
36
Calculate the greatest common factor of 28 and 63242557.
7
Calculate the highest common factor of 578612 and 71757.
1139
Calculate the highest common divisor of 1474359 and 543.
3
What is the greatest common divisor of 5689384 and 8?
8
Calculate the greatest common factor of 8754260 and 920.
460
What is the greatest common divisor of 148222976 and 70400?
2816
What is the highest common factor of 817 and 608149?
43
What is the highest common divisor of 55909294 and 11662?
1666
What is the greatest common divisor of 79 and 23591849?
79
What is the greatest common divisor of 354 and 1110894?
6
What is the greatest common divisor of 360 and 708400?
40
Calculate the highest common factor of 932900 and 7600.
1900
Calculate the highest common divisor of 5200 and 378833520.
1040
Calculate the greatest common factor of 224 and 23103248.
112
What is the greatest common divisor of 1 and 3730500?
1
What is the highest common factor of 239 and 1159471933?
239
Calculate the highest common factor of 43171822 and 37.
37
Calculate the greatest common factor of 7641840 and 120.
120
Calculate the highest common divisor of 4768 and 4004524.
596
Calculate the greatest common factor of 33444 and 42660.
36
Calculate the highest common factor of 5586 and 16398102.
798
Calculate the greatest common divisor of 256583712 and 2696.
2696
What is the greatest common divisor of 40751715 and 15?
15
Calculate the highest common divisor of 3565 and 58838.
31
What is the highest common divisor of 95989881 and 70072?
8759
What is the highest common divisor of 112 and 16969424?
16
Calculate the greatest common divisor of 854313 and 321804.
3831
Calculate the greatest common factor of 645033 and 64643.
127
Calculate the greatest common divisor of 4779 and 4829706.
81
Calculate the greatest common divisor of 2547720 and 8120.
280
What is the greatest common divisor of 49720016 and 2?
2
Calculate the greatest common factor of 80 and 1995104.
16
Calculate the highest common divisor of 1459185 and 2730.
1365
What is the greatest common factor of 14464512 and 165856?
2336
What is the highest common factor of 148520 and 470?
470
What is the greatest common divisor of 824207 and 81054?
79
Calculate the highest common factor of 232 and 71108464.
232
Calculate the highest common divisor of 4851183 and 20208.
1263
What is the highest common factor of 10716530 and 55?
55
What is the highest common factor of 71188 and 771413?
37
What is the greatest common factor of 2778888 and 147?
147
Calculate the highest common divisor of 127958956 and 4696.
2348
What is the greatest common factor of 23911815 and 82246?
2419
What is the highest common divisor of 435928 and 94888?
232
Calculate the highest common divisor of 259652 and 36140.
556
What is the highest common factor of 45 and 14459985?
45
Calculate the greatest common factor of 8184 and 54093512.
2728
Calculate the highest common factor of 39702495 and 5686.
2843
What is the highest common factor of 135292 and 19569216?
908
What is the greatest common factor of 248460075 and 675?
675
What is the highest common factor of 114260 and 783?
29
What is the greatest common divisor of 1480 and 11111840?
1480
Calculate the greatest common factor of 823742 and 13064.
142
What is the greatest common divisor of 13976533 and 323?
323
What is the highest common divisor of 680 and 61621940?
340
What is the highest common divisor of 13981200 and 34770?
1830
Calculate the greatest common factor of 2335074 and 77.
7
Calculate the highest common factor of 180 and 80749260.
180
Calculate the highest common factor of 21888 and 9698094.
342
What is the highest common divisor of 71278336 and 169775?
6791
Calculate the greatest common factor of 6706476 and 3402.
1134
What is the highest common divisor of 1788697 and 424?
53
Calculate the highest common factor of 9 and 12256443.
9
What is the greatest common factor of 711 and 2965590?
9
What is the greatest common divisor of 513 and 2417959?
19
What is the highest common factor of 43479639 and 2009?
287
Calculate the greatest common factor of 344 and 21628.
4
Calculate the greatest common divisor of 21133322 and 476.
14
Calculate the greatest common factor of 30603 and 619029.
303
Calculate the greatest common factor of 1515 and 10177467.
303
Calculate the highest common factor of 98225 and 56450.
25
What is the highest common factor of 4080124 and 428?
428
Calculate the highest common factor of 3293 and 64403693.
89
What is the greatest common factor of 385299 and 597060?
279
Calculate the highest common divisor of 270999441 and 477.
477
Calculate the greatest common factor of 1962012 and 780.
156
What is the highest common factor of 464944744 and 2284?
2284
What is the greatest common factor of 126004 and 522223?
289
What is the greatest common factor of 358 and 667548638?
358
What is the highest common factor of 318 and 16355641?
53
Calculate the highest common factor of 296497 and 3767149.
1819
Calculate the highest common fa